- (-65 - 5) - 50?
3
Evaluate (-9 - (2 + -5)) + 50 + (3 - 1).
46
Calculate -18 + -46 - (3 + (1 - -10) + -19).
-59
What is the value of -2 - (70 + (-3 - 53) + (-16 - -1))?
-1
Calculate 52 + (-3 - (3 + 1 - 8) - -4) + 5.
62
What is the value of 69 + 5 + 14 + -17 + -5 + 27?
93
What is the value of 0 + 31 + (17 - (28 + (23 - 31)))?
28
Evaluate 6 + (-11 - (-19 - 10 - -5)) + -20.
-1
156 + (34 - (-99 + 182))
107
What is the value of -20 + 38 + 18 - (-10 + 1) - -7?
52
-62 + (4 - (34 + -61))
-31
Calculate 7 - -47 - (-56 + 39).
71
-6 - ((-13 - -34) + -14 + -64)
51
Calculate 36 + (7 - (-16 - -32)).
27
Calculate 4 + -40 + -27 + 19 + 37.
-7
What is the value of 4 - (56 + 1 + -28 + 10 + 8 - 12)?
-31
Calculate 0 + (31 - 28) + (-2 - -12 - 5) - -64.
72
Calculate -35 + 11 + -45 + 46.
-23
Calculate -81 + (-14 + (4 - (2 + -8)) - 0).
-85
Calculate -149 - -79 - -90 - (1 + -14).
33
Evaluate 12 - ((12 - 0) + -14) - 20.
-6
Evaluate (2 - (-30 + 1 + 3)) + -12.
16
Calculate 123 + -79 - (53 - -11).
-20
(2 - 0) + 16 + 36 + (9 - 58)
5
14 - (7 - 3) - (16 - (-19 - 16))
-41
Calculate -47 + 3 + 3 + (21 - (37 + (-36 - -7))).
-28
110 + -70 - (3 + 4 - 13 - -6)
40
What is 94 + -109 - ((-2 - 8 - -2) + -119)?
112
What is (777 - (372 + 411)) + 0 + (-26 - 0) + 1?
-31
(163 - 162) + -19 - (2 + -37)
17
(-105 - -156 - 40) + 7
18
Evaluate (-3029 - -3013) + 23 + -1.
6
Calculate (0 - (-66 + 1)) + -2 - (-14 + 188 - 182).
71
What is -10 - (-11 + (-28 - (-1 - (-3 + -10))))?
41
Calculate 0 + -12 + (63 - (-11 + 18)) + 3 + -12.
35
What is the value of (-2 - 1) + (-81 - (84 + -158)) - -89?
79
What is -305 - -291 - (7 + -55)?
34
Calculate -2 + 1 + -2 - (-129 + 306 + 11 + -79).
-112
Evaluate -65 - (26 - (-10 - -35) - 23).
-43
Calculate -23 - (-20 + -8) - (8 + 40 - (-4 + -1)).
-48
Evaluate 18 + -5 + -6 - (653 - 532).
-114
Calculate 0 + -25 - (1560 + -1551).
-34
(-1 - -3) + (-61 - -28 - -42) + 3
14
What is the value of -54 - (27 - (-29 - -168))?
58
(-2 - 5) + (-16 + (-56 - 23) - 4) + -1
-107
4 - (-29 + -2 + 8) - (0 - -7) - -3
23
(-3 + 13 + -1 - 44) + 93
58
What is the value of -101 + (55 - 19) + (1 + 3 - (-9 - -1))?
-53
0 + (-34 + 1 - -11) + 19 - -61
58
What is the value of -99 - (0 - -12 - 89)?
-22
Calculate (0 - 58) + 37 + 46.
25
Calculate (-1 - -10 - -9 - -9) + -7.
20
What is the value of 32 + (10 - (-1 - (-13 + (-13 - -19))))?
36
Calculate -46 - (-2 - -1) - (35 + -22 - 27 - -4).
-35
-978 - -996 - (0 + 15 - (14 + -15))
2
Evaluate -24 + 55 + (-66 - -72).
37
Evaluate -35 + -55 + (7 - -33).
-50
What is the value of -7 - (-1 - -4) - (2 + -46 + 13)?
21
Calculate 38 + (-122 - -47) + 44.
7
Evaluate -40 - (41 - 55 - 17).
-9
What is the value of 135 - (-121 + 390 + -65)?
-69
What is (-2 + -24 + 14 - 0) + 6 + 126?
120
Evaluate -48 + -2 + 1 - (-3 + (12 - (1 - -9))).
-48
Evaluate -137 + 166 - 33 - (-3 + 1 + -1 + -56).
55
Evaluate (-53 - (65 + -89)) + 39.
10
What is the value of 81 + ((36 - 12) + 3 - ((-4 - -8) + 10))?
94
Calculate (11 - 22) + 20 + -5 + -4 + 7.
7
37 + -4 + 2 + (-848 - -868)
55
Evaluate -3 - (-1 - 62) - ((144 - 173) + 19).
70
-9 - (11 - (19 + -10) - -25)
-36
What is the value of -15 - -9 - (-9 + 5) - -22?
20
Calculate 18 + 2 + 105 + -55 + 0.
70
-25 + (11 + 26 - 36)
-24
-146 - ((-112 - -16 - -43) + 15)
-108
Calculate (29 - 153) + -439 + 500.
-63
Calculate 3 - (497 + -505 - (-2 + 12)).
21
Evaluate (-103 - (-50 - 55)) + -75.
-73
What is 1 - (-5 + 16 - ((-15 - -8) + 20))?
3
What is -2 + 2 + 3 + 96 + (-47 - 37)?
15
Evaluate -25 + 51 - 23 - (6 - -53 - 4).
-52
What is -37 + 20 + (0 - (5 - 8) - 9)?
-23
Evaluate (-6 - (6 + 6 + -4)) + (-4 - -51).
33
What is (3 - (-3 - -6 - 2)) + 37 - (-37 - -45)?
31
Calculate 137 - 156 - (13 - (-8 + 3)).
-37
Evaluate 11 - ((-19 - (-4 - -5)) + 38).
-7
What is (2 - (-17 + (-12 - -19))) + 34?
46
78 + (-15 - 60) - 26
-23
Evaluate 4 + (-2 + -8 - 24) + 0 - (-6 - -1).
-25
2 + (-5 + 5 - -8) + 23 + -33 + 58
58
Evaluate -10 - (-6 - (144 - 68)).
72
What is 41 + -41 - (-9 + (29 - (25 - 12)))?
-7
Calculate -80 - ((60 - 45) + -50).
-45
What is 18 - (-133 - -163 - (-14 - -1))?
-25
What is (-52 - -46 - -28) + 0?
22
Evaluate -7 - (-10 + (-2 + 5 - (25 - 3)) + 15).
7
What is the value of -78 - (-98 - (113 + -222) - (3 + (1 - 0)))?
-85
What is the value of -59 + 21 + (15 - -7 - 40)?
-56
Calculate (1 - -6 - 0) + (3 - 5) + (3170 - 3079).
96
What is 65 + -87 + 3 - -65?
46
What is the value of 1346 + -1322 - (-2 - -94)?
-68
Calculate (232 - 92) + -113 + -119.
-92
Calculate (-65 - (-43 + -15)) + 13 + -10 + 1.
-3
Calculate (-3 - 1) + (69 + -127 - -24).
-38
Evaluate (-176 - -77 - -262) + -35.
128
Calculate (-1174 - -1233) + -43 + -2.
14
Calculate -1 + 98 + (-735 - -604).
-34
Evaluate (36 - (42 - (22 - 7))) + -76 + (1 - 4).
-70
-1 + -17 + (3 + (-20 - 10) - 12)
-57
Evaluate -63 + 55 - (-3 + (1 - 38)).
32
What is 0 + -47 + (-13 + 4 - (7 - 17))?
-46
Evaluate 6 + 14 + (-11 - 17) + 25.
17
What is the value of 48 + ((-17 - -25) + 3 + (0 - 4) - 5)?
50
-201 + (38 - (-30 - 29))
-104
What is 136 + (13 - (115 - -6))?
28
24 - (21 + -15 + 63 + 6)
-51
Evaluate -86 + 26 - 44 - -51.
-53
What is the value of -115 + 126 + (-4 - -1) + 0 - (-4 + -15)?
27
What is -1020 - -1009 - (29 + -2)?
-38
Evaluate 1411 + -1408 - (-1 + 0 - (2 - (-3 - -2))).
7
Calculate (-1 - (2 + -11)) + -1 - (17 - 52) - -9.
51
What is the value of -12 - (-24 + -13 - 20) - (-9 - -1)?
53
What is the value of (-6 - -13 - (-92 + (7 - -9))) + 1 + 10?
94
Evaluate 4 - -9 - (-59 - -43 - (1 - 2)).
28
What is 1 + -2 - ((-1 - -34) + -17)?
-17
Evaluate -21 - (-34 + 6 + -9).
16
Evaluate 6 + (6 - 6 - 1) + (-4 - 8).
-7
What is the value of 238 + -200 + (-3 - (-9 - -10))?
34
-1 - (2 + -26 - (-2 + -3 + 17 - 12))
23
Evaluate 16 + 32 + 33 + -106.
-25
Evaluate -145 + 6 - (-36 + 129 + -127).
-105
Calculate 16 + -3 + (-9 - -2) - 14.
-8
(-167 - -171) + (30 + 9 - (1 - -1))
41
What is (-55 - 0) + (21 - 20 - -13 - 7)?
-48
What is -14 + -63 + 1 + -1 + (52 - (112 - 61))?
-76
Calculate 12 + -9 + (-5 - -1) + -24 + 22 + 32.
29
What is -2 + (7 + -12 - -26 - 4) + (-1 - -1)?
15
What is -112 + (-3 - -14) + 14 + (20 - 8)?
-75
Evaluate -148 - ((-1 - 18) + 79 + -88).
-120
What is (-140 - -34) + 29 - -48?
-29
(-57 - -73 - (1 - 2)) + (-2 - -11)
26
Calculate 0 + 105 + -1 - (791 - (780 - -9)).
102
What is 23 + (18 + -61 - -58)?
38
Evaluate 146 + 3 + 6 + (-7 + 30 - 19) + -15.
144
Calculate -13 + 56 + 17 + -13 - (-15 - -4).
58
Calculate (-47 - -25) + 5 - 26.
-43
-10 + -1 + 8 - ((-55 - -12) + 3)
37
What is the value of 64 - (27 + 72 - -48)?
-83
Calculate -1 + 106 + -158 + (-17 + 4 - 3).
-69
Evaluate -30 + (-29 + 18 - -21).
-20
-6 + -2 + -12 + 3 + 7 + 0
-10
Calculate 30 + -6 - (30 - (29 - 1)).
22
What is the value of (7 - 91) + (2 - (-3 - 5)) + -3 + -2?
-79
What is the value of (155 - 17) + 303 + -400?
41
Calculate -5 - 2 - 3 - (17 + (26 - (-12 + 6))).
-59
Calculate -27 + (55 - 16) + -20 + 63.
55
What is -49 - (-68 + -4) - (-4 + 25)?
2
Evaluate 1 - 43 - (18 + (8 - (30 + -12))).
-50
Evaluate -2403 + 2300 - (-66 - -1).
-38
What is -83 + (88 - 53 - -28)?
-20
131 - ((-9 - 4) + 91 + -50)
103
(-5 + 0 + 176 + -180 - -18) + (18 - -4)
31
7 + (51 + -28 - 107)
-77
(-8 - (7 - (6 + 0))) + 14 + -20 - 2
-17
What is the value of -11 - (-8 + (-9 - -10)) - (-12 + -8)?
16
-37 + 57 + 49 + -86
-17
Evaluate -1209 - -1148 - (-2 - -20) - -17.
-62
-40 - (-1 + (7 - 2) + 39 + -53)
-30
Evaluate -92 + (15 - 49 - -81).
-45
What is the value of 18 + -4 + 3 + (-3857 - -3891)?
51
Calculate 67 + -52 + (-49 - (-106 - -48)).
24
What is the value of (-27 - (-33 + 4)) + -5 + -42?
-45
Evaluate 5 + -57 + -23 + 20.
-55
What is the value of (-23 - -35) + -152 + -6 + -1?
-147
Evaluate (21 - (5 - 0)) + 4 + -3 + -106.
-89
(-24 - (-15 - -16)) + -6 + -10
-41
What is -30 - (53 + -39) - 4?
-48
-4 + (-34 - (-4 - -6)) - 30
-70
Evaluate 52 + -23 - (2 + -31).
58
(-28 + 3 - -60) + (-2 - -1) + -4
30
What is the value of (-12 - 0 - (17 + -26)) + (2 - 30)?
-31
What is -31 - -38 - (-26 + 0 + -8)?
41
Calculate -59 - (-12 - (4 + 1 + (-41 - (-77 + 48)))).
-54
Evaluate (-4 - 32 - -1 - -23) + 30.
18
Calculate 0 + (5 + 89 - 13).
81
What is -4 + -34 - 4 - (6 - 20)?
-28
Calculate -304 + 327 + (2 - 16).
9
119 + -62 - (-4 - -168)
-107
What is -73 - (-74 + -73 + 207)?
-133
Evaluate 3 + -10 - -37 - 9 - (99 - 91).
13
What is the value of -251 - -239 - (-6 - -4 -